 -11*n(o) + 4*x(o). Determine q(19).
5
Let p(d) = d + 2. Let z(b) = -13*b**2 - 2*b - 6. Let l(k) = -37*k**2 - 5*k - 16. Let j(a) = 3*l(a) - 8*z(a). Let x be j(-1). Give p(x).
-6
Let x = 5250 - 5233. Let v(m) be the third derivative of 0*m + 0 + 0*m**3 + x*m**2 + 1/24*m**4. Give v(4).
4
Let y be (44/(-8))/(2/(-8)). Let i(o) = -3*o - 15. Let z be i(-7). Let c(g) = 17*g + y*g - z - 37*g. Calculate c(6).
6
Let t be (-6)/(-9)*(-4 + 10 + -3). Let h(c) be the first derivative of 1/2*c**4 + 0*c + 4/3*c**3 + 2 + 3/2*c**t. Give h(-2).
-6
Let s(i) be the first derivative of -3*i**5/40 + 17*i**3/3 + 26. Let m(a) be the third derivative of s(a). Let t = 6 + -5. Determine m(t).
-9
Let o(h) = -5*h + 21. Let b be o(3). Let j be (2 - b)/(-1*2). Let d(m) = -2*m**3 + 5*m**3 + 1 + 5*m - 2*m**2 - 2*m**3 - 8*m. Determine d(j).
-5
Let b(l) be the second derivative of l**3/2 + l**2 - 2*l. Let k be 7/(42/(-354)) - -2. Let f = -60 - k. Give b(f).
-7
Let c be -18*230/(-207) + 12/(-2). Let z(d) = d**2 - 16*d + 11. Give z(c).
-17
Let d(a) = -a - 1. Let l(w) = 5*w**2 + 4*w + 5. Let h(f) = -5*d(f) - l(f). Let r = 113 - 55. Let g = 57 - r. What is h(g)?
-6
Let y(t) be the third derivative of 0*t - 1/24*t**4 + 0 + 7/6*t**3 - 9*t**2. Give y(-10).
17
Let l(z) = 3 + z**2 - 6*z + 6*z + 6*z + 7*z. Let g(h) = -h**2 - 21*h + 32. Let f be g(-21). Suppose -4*i - 20 = f. Give l(i).
3
Let q(l) = -l**3 + 19*l**2 + 42*l - 3. Suppose 142*j + 251 = 3233. Give q(j).
-3
Let q(u) be the first derivative of -13/2*u**2 - u + 113. Give q(-1).
12
Let o(b) = 44475*b - 44486*b - 16 - 21 - 50. Give o(-8).
1
Let h be (-17)/((-170)/1050)*(-258)/(-15). Let c(k) = -901 + 9*k + h - 903. Calculate c(-1).
-7
Suppose -5*p + 0*f + 3*f - 37 = 0, -3*f = p - 7. Let m(b) = -2*b**2 - 46*b + 10. Let w(j) = -j**2 - 26*j + 5. Let o(s) = 4*m(s) - 7*w(s). Determine o(p).
-10
Let r(c) = c**2 - 4*c + 7. Let v be r(3). Suppose v*y + l = -159, 3*y + 84 = 3*l - 54. Let t = 36 + y. Let k(n) = -n**2 - 2*n + 1. Give k(t).
-14
Let q(o) be the second derivative of o**7/2520 - o**6/80 - o**5/15 + 83*o**4/12 + 23*o. Let n(v) be the third derivative of q(v). Calculate n(7).
-22
Let r be (-98)/(-8) + 270/360. Let a(i) = 3 + 3 + 0 + 12*i - i**2 + 0. What is a(r)?
-7
Let g = -592 - -594. Let u be (-1)/(-2) + 15/6. Let h(d) = u - 5 + 1 - d**3 + 3*d. What is h(g)?
-3
Let b = 8 - 3. Let n(r) = 40*r + 76. Let o(u) = -9*u - 17. Let i(k) = -2*n(k) - 9*o(k). Calculate i(b).
6
Let o be (4/(-20) - 0)/((-3)/30). Let m(b) = b**3 - 2*b**2 + 7*b - 8. Give m(o).
6
Let y(a) = 4*a**3 + 2*a**2 - 6*a + 15. Let t(m) = -17*m**3 - 8*m**2 + 25*m - 62. Let r(o) = -3*t(o) - 13*y(o). Give r(-4).
11
Let g(y) = -8*y**3 + 14*y**2 - 6*y + 22. Let j(o) = -o**3 + 2*o**2 - o + 3. Let a(h) = 2*g(h) - 15*j(h). Determine a(1).
-1
Let o be (-31)/310 + 21/10. Let p(n) = n**2 - 2. Calculate p(o).
2
Let v be ((-2)/(-3))/(2/6). Let o(q) = -v*q**2 - 4 - 7*q + 2 + 3 - 3*q. Let y be ((-11)/(990/105))/((-2)/(-12)). Determine o(y).
-27
Let k(q) = 8*q**3 + q**2 + 1. Suppose 6 = -4*v + h, -3*v + 39*h - 40*h = 1. Determine k(v).
-6
Let f(o) = -o**2 - 9*o - 9. Suppose -4*b - 3 = 17. Let r(p) = -p**2 - 11*p - 11. Let v(q) = b*r(q) + 6*f(q). Let d be 4*((-14)/(-8) - 1). What is v(d)?
-5
Let q(m) = -m**2 - 12*m - 6. Let o be 4/(-4) - (-1 - (2 - 7)). Let u be 9/(o/15*3). What is q(u)?
21
Let j(t) = -14*t**3 + t**2 + 6*t - 4. Suppose -2*n = 2*v - 20, 0 = -990*n + 995*n - 45. Give j(v).
-11
Let t be 9/54*138/(-4) - 26/104. Let u(f) = 8*f + 6. Let h(p) = -7*p - 6. Let r(s) = -5*h(s) - 4*u(s). Determine r(t).
-12
Suppose -3*x = 5*l - 4 + 31, 2*l - x + 13 = 0. Let b(t) be the second derivative of 0 - 7/12*t**4 - 11*t + 3/2*t**2 - 1/20*t**5 - t**3. Give b(l).
3
Let z(w) = 0 + 2*w - 6*w - 8*w**2 + 2*w**3 - 2 - 6*w + 4*w**3. What is z(-1)?
-6
Let v(j) = 2*j**2 - 4*j + 4. Suppose 36 = 67*h - 31. Determine v(h).
2
Suppose -88*v + 85*v + 219 = -d, -207 = -3*v - 3*d. Let z be (v/60)/((-18)/45). Let k(q) = 2*q + 4 - q**2 + 5*q**2 + q**3 + 0*q**3. Give k(z).
7
Let r(g) = -26*g - 1. Let p(l) = -l**2 + 133*l + 8. Let n(s) = -p(s) - 5*r(s). Suppose -h - 2*h + 9 = 0. Give n(h).
-3
Let x be 1/(-3) + -16*6/(-18). Let p(g) = -16 - 5*g**3 - 2*g + 15 + 4*g**3 + x*g. What is p(2)?
-3
Let t(g) be the second derivative of -2/3*g**3 - 1/10*g**5 + 1/3*g**4 + 3/2*g**2 + 8*g + 5. What is t(2)?
-5
Let t(m) = 3*m + 20. Suppose -834*i + 853*i = -209. Determine t(i).
-13
Let g(t) be the first derivative of t**4/4 + 2*t - 3. Let m = -512 + 514. Suppose 3 = m*u + 3. Calculate g(u).
2
Let z(l) = 3*l**3 + 2*l**2 - 1. Suppose -x = -30*a + 26*a + 7, -5*a = 2*x + 1. Suppose 5*v - 8 = 2*n + 10, 5*n - v - a = 0. Calculate z(n).
4
Let g(c) = -7*c - 20. Suppose 3*u + 23 = -2*h, -1185*u + 27 = -3*h - 1182*u. Determine g(h).
50
Let d(q) be the first derivative of -5*q + 4/3*q**3 + 0*q**2 + 1/4*q**4 - 40. Calculate d(-4).
-5
Let i(u) = -2*u**3 - u**2 + 2*u - 1. Let c(x) = 3*x**2 - 5*x - 12. Let h be c(-7). Suppose -h*a - 6 = -167*a. Give i(a).
7
Let f(h) = 5*h + 2. Suppose 0 = 4*x - 6*y + y - 41, 4*x - 4*y = 36. Suppose 14*a = 18*a + x. Determine f(a).
-3
Let z(d) be the second derivative of -d**4/12 - 69*d**2/2 - 71*d. Let p(y) be the first derivative of z(y). Determine p(7).
-14
Let o(m) = -m + 1. Suppose 0 = 5*l - 79 - 31. Let f = 12 - l. Let s be (-54)/f + (-32)/80. Determine o(s).
-4
Let f(l) = -15*l + 3. Let h be (100/75)/((-6)/(-9)). What is f(h)?
-27
Let u(r) = -r**2 - 7*r - 9. Let h(f) = f**2 + 8*f + 9. Let z(a) = -5*h(a) - 6*u(a). Let w(y) = y**2 + 2*y + 7. Let c(m) = 4*w(m) - 3*z(m). Determine c(2).
9
Let s(d) = -90 - 225*d - 16 - 261*d - d**2 + 454*d. Give s(-28).
6
Suppose -123 = 5*j - 4*f, -18*j + 21*j + 63 = -3*f. Let t(x) = 3*x + 66. Calculate t(j).
-3
Suppose -44*w = -8 - 80. Let h(x) be the second derivative of 2*x**w + 0 + 1/6*x**3 - x. Calculate h(-2).
2
Let j(a) be the second derivative of 6*a**5/5 - a**3/6 + a**2 + 3*a - 227. Determine j(1).
25
Let y(x) = 3 + 32 - 9*x**2 + 23*x**2 - 15*x**2 - 6*x - 4. Give y(-9).
4
Let q(s) = 2*s**2 - s - 1. Let j be 0 - 3 - (11 - 16). Let o be (4 + j)/2 + 33/(-11). Let c be ((-20)/30)/((-4)/18) - o. Determine q(c).
14
Let g(u) be the second derivative of -u**5/30 + u**4/12 + 31*u**3/2 - 7*u + 7. Let x(b) be the second derivative of g(b). Determine x(8).
-30
Let l(w) = -2*w**2 - 37*w + 52. Suppose 262*c - 140 = 269*c. Calculate l(c).
-8
Let r(t) be the second derivative of -t**5/20 - 5*t**4/6 - 2*t**3 - 11*t**2/2 + 1110*t. Let j(y) = y**3 - y**2 - 9. Let o be j(0). Calculate r(o).
16
Let d(f) = -61 - 2*f + 4*f + 75. Let v be d(-7). Let m(x) = 14 + 14 + v*x - 23 + x**2 - 6*x. What is m(7)?
12
Let h(v) = v**2 - 10*v + 1. Let o = 4087 - 4076. Calculate h(o).
12
Let h(o) = -o**3 - 13*o**2 + 13*o - 12. Suppose -2*j - 44 = 9*j. Let f = j + -10. Give h(f).
2
Let u be -3 - (-6 + 2) - -4. Let b(n) = -4*n**2 - 6. Let f(j) = -j**2 + j - 1. Let q(r) = -b(r) + 5*f(r). Determine q(u).
1
Let d(m) = 4 + 0 - 6 - 7 + m. Let w = 85 - 82. What is d(w)?
-6
Let f(h) = 8*h + 41*h - h**3 - 59*h + 12*h**2 + 0*h**3 - 10 + 9*h. Determine f(12).
-22
Let h = -45 + 37. Let r(p) be the third derivative of p**6/360 + p**5/20 - p**4/4 - 71*p**3/6 - 15*p**2. Let k(i) be the first derivative of r(i). Give k(h).
10
Let q(v) = 46 - 7*v + 49 + 17 - 1. Give q(16).
-1
Let d(x) be the third derivative of x**7/5040 + 7*x**6/720 - x**5/60 - 7*x**4/6 + 20*x**2. Let w(p) be the third derivative of d(p). What is w(8)?
15
Let s(o) be the third derivative of o**5/12 - o**4/24 - 5*o**3/6 - 36*o**2 - 2. Let y(b) = -5*b**2 + 4. Let m(p) = -4*s(p) - 5*y(p). What is m(-3)?
33
Let p(n) be the first derivative of -5 + 5*n - 5/2*n**2 + 1/3*n**3. What is p(4)?
1
Let s(h) = -2*h. Let m(d) = -3*d + 22. Let j(o) = 2*o - 29. Let g be j(15). Let a(p) = p. Let k(x) = g*m(x) + 5*a(x). Let l be k(-10). Determine s(l).
-4
Suppose -5*h - 286 = 8*h. Let f(y) = y**3 + 21*y**2 - 23*y - 32. Determine f(h).
-10
Let q be 10/(-5)*-1 + 1 - 4. Let v be (-1 - -3 - q)/((-24)/(-16)). Let r(s) = -6*s**2 + 2*s + 2. Calculate r(v).
-18
Let k(r) = 565900*r + r**2 - 3*r**3 + 22 + 2*r**3 - 565899*r. Calculate k(0).
22
Let t(k) = -2*k**2 - 36*k - 35. Let i(y) = -231*y + 4606. Let s be i(20). Determine t(s).
77
Suppose 12 = 3*g + k + 2*k, 14 = 2*g + 4*k. Let 